Let m(x) = -5*f(x) - u(x). Calculate m(20).
5
Let j(h) = -h + 4. Suppose 999 = 2*m + 957. Suppose 0 = m*p + 7*p. What is j(p)?
4
Suppose -185*w = -206*w - 84. Let q(x) = x**2 + 4*x. Give q(w).
0
Let b = 4 + 0. Let l(j) = b + 3*j - j**2 - 7 - j. Let c be ((-6)/13)/(30/(-260)). Determine l(c).
-11
Let v(c) = -c**2 + 8*c. Let g(l) = 6*l**3 + 6*l**2 - l + 8. Let w(p) = -7*p**3 - 7*p**2 + p - 10. Let h(u) = 6*g(u) + 5*w(u). Let i be h(2). Calculate v(i).
0
Let m be 3*(-32)/(-12) - 3. Let v(d) = -d + 10. Let p be v(m). Let b be (p + -11)*(-4)/6. Let z(y) = -2*y**2 + 6*y - 5. Determine z(b).
-13
Let q(j) = -5*j + 1. Let c = 101 - 77. Let b(v) = v**2 - 26*v + 10*v + c + 0*v**2 - 8. Let x be b(15). Give q(x).
-4
Let c(g) be the first derivative of 2*g**2 - 72*g - 1290. Calculate c(21).
12
Let y(k) = k - 3. Let v(b) = 3*b - 10. Let u = -9 - -20. Suppose -5*q = -3*h - 42, 54*q + 26 = -5*h + 55*q. Let o(n) = h*v(n) + u*y(n). Determine o(5).
2
Let c = -412 - -418. Let r(g) = 1 - 66*g + 67*g + c. Calculate r(10).
17
Let t be (-84)/(-105) + (76/5 - -1). Let u be ((-13)/2)/(-13) - t/2. Let o(z) = -z + 1. Let g(s) = 2*s - 10. Let q(x) = g(x) + 3*o(x). Determine q(u).
1
Let g(h) = h**3 - h**2 - h + 1. Let k(s) = -64 + 0*s**2 + 75 + 3*s**3 - s - 2*s**2 + s**2. Let l(a) = 4*g(a) - k(a). What is l(4)?
-3
Let m(j) = 3*j**2 + 54*j + 2. Let x be m(-18). Suppose 463*o - 465*o = -x. Let z(i) = 6*i**3 - i**2 + i - 1. What is z(o)?
5
Let c(a) = a**3 - 4*a**2 + 2. Let r(d) = -d**3 + 4*d**2 - 2. Let n(u) = 5*c(u) + 6*r(u). Let w(g) = g**3 - 33*g**2 + 31*g + 34. Let m be w(32). Calculate n(m).
6
Let s = 17196 - 17206. Let n(o) = o**3 + 8*o**2 - 13*o - 1. Calculate n(s).
-71
Let s(z) = -3*z**2 + 43*z - 14. Let p be (-17808)/(-1431) + 28/18. Give s(p).
0
Let j(a) = 0 - 40*a + 37*a + 3. Suppose 200 = 2*o + 194. Suppose -2*z = -o*z + 2. Calculate j(z).
-3
Let m be (-2 - -5)/(171/18 - 10). Let z be ((-12)/10)/(1/(-5)). Let t(x) = 6*x + x**2 + 5 - z*x + 7*x. Calculate t(m).
-1
Let j = 718 - 713. Let o(l) = l**3 - l**2 - 18*l - 8. Determine o(j).
2
Suppose 22 = 5*x - 2*a - 17, -3*x = -3*a - 18. Let u = 110 + -107. Let v(g) = -g**u + 59 + 0*g**3 + 10*g**2 - 33 - 27 + 0*g - 8*g. Determine v(x).
8
Let t(v) = 24*v - 76. Let b(j) = -5*j + 14. Let k(w) = -11*b(w) - 2*t(w). Suppose -5*l = 15, 0*g + 5*l = -2*g - 7. What is k(g)?
26
Let w be -894*-7*8/(-588)*7. Let a = w - -602. Let p(r) = r + 6. Give p(a).
12
Suppose -31 = -19*p + 44 - 37. Let x(f) = 4*f**2 + 3*f + 1. Give x(p).
23
Let t be -1 - (-6)/(-5 - -2). Let a(n) be the third derivative of n**5/60 + 5*n**4/24 + n**3/3 + 24*n**2 - 2. Determine a(t).
-4
Let w(r) = -5*r + 20. Let x(f) = -f + 3. Let l(y) = w(y) - 6*x(y). Suppose 2 = -q - q + u, -5*u = 4*q + 4. Calculate l(q).
1
Let u(o) = -12*o**2 + 31*o + 17. Let v(h) = 15*h**2 - 41*h - 23. Let g(m) = 13*u(m) + 10*v(m). Determine g(-4).
-77
Let y(d) = -d**2 - 4*d. Let n(g) = 4*g**2 + 15*g + 1. Let m(c) = -5*c. Let v be m(0). Suppose v = 4*j + 21 + 15. Let h(f) = j*y(f) - 2*n(f). Calculate h(-7).
5
Let v(h) = 3*h**3 + 22*h**2 + 48*h + 68. Let c(g) = -g**3 - 2*g**2 + g + 1. Let a(n) = 2*c(n) + v(n). Calculate a(-15).
-5
Suppose y + 45 = 4*z, -7*y + 33 = -8*y + 2*z. Let u(k) = 4*k + 85. Determine u(y).
1
Let u(s) = s - 8. Let v(d) = 2. Let b(f) = u(f) + 5*v(f). Suppose z + 3*z + 14 = 2*a, 0 = -2*a + z + 11. Suppose l - a*l = 0. Calculate b(l).
2
Let r(y) = 25*y + 1507. Let d(k) = -3*k - 251. Let p(j) = -23*d(j) - 4*r(j). Calculate p(-8).
-7
Let o(a) = -a**2 + 6*a + 9. Let i be o(4). Let z be 32/17 - (-4 + 66/i). Let l(b) be the second derivative of 2*b**3/3 - b**2 - 5*b. Determine l(z).
6
Let h(i) be the third derivative of -i**6/120 + i**5/30 - i**4/24 + 2*i**3/3 + 3785*i**2 - 2. Calculate h(2).
2
Suppose -17*s + 15*s = 2*x - 6, -5*s + 1 = 3*x. Let h(t) = -4*t + 9. What is h(x)?
-19
Let b(z) = -z**3 + 4*z**2 - 26*z + 101. Suppose 2*u = u + 13 - 9. What is b(u)?
-3
Let t(q) = q**3 + q**2 + q - 3. Let s(c) = -2*c**3 + 2*c**2 - 2*c + 4. Let n(j) = 2*s(j) + 3*t(j). Let b = -19 + 26. Calculate n(b).
-8
Let l(n) = -7*n**2 + 18*n + 7. Let a(h) be the first derivative of -h**3 + 4*h**2 + 4*h + 89. Let u(q) = 5*a(q) - 2*l(q). Determine u(4).
6
Let k(g) = -g**3 - 28*g**2 - 32*g - 104. Let w be k(-27). Suppose -3*p + 140 = -w*p. Let i(z) = -z**3 - 6*z**2 - 6*z + 5. What is i(p)?
10
Let b(d) = d**3 + 6*d**2 - 3. Suppose a = r + 10, -5*r + a - 5 = 5*a. What is b(r)?
22
Let y be (-2)/17 - 636/(-204). Suppose 5*u - 4*o - 28 = 0, -3*u + 9 = 3*o + y. Suppose u*x - 28 = -0*x. Let m(s) = -s**3 + 6*s**2 + 7*s - 6. What is m(x)?
-6
Let p(b) = -8*b - 11. Let w(x) = -9*x**2 - 147*x - 174. Let o be w(-15). Calculate p(o).
-59
Let j(h) be the second derivative of h**8/6720 + h**7/2520 - h**6/720 + h**5/30 - 17*h**4/6 - 106*h. Let m(u) be the third derivative of j(u). What is m(0)?
4
Suppose -97*g + 107*g = 550. Suppose 0 = -68*x + g*x. Let o(z) = -z**3 - z - 16. Give o(x).
-16
Let w(g) = g - 15. Let o(p) = -4*p + 5. Let z be o(-6). Suppose -3*q + 4*b + z = 0, 0*q + 5*b - 11 = -3*q. Let d be (-3 + 10/14)/((-2)/q). Calculate w(d).
-7
Suppose 0 = 16*z - 1162 + 1114. Let l(w) = -2*w**3 + 5*w**2 + w + 10. Give l(z).
4
Suppose -9 = -5*b + 1. Suppose 176 = 5*h - 2*r, -3*r = 2*h + b*r - 53. Let x(g) = -h*g**2 + 3 + g**3 + 1 + 36*g**2 - 3*g. Determine x(-3).
4
Let p be 588/(-392) + (-18)/(-4). Let n(w) = w**2 - 10*w + 10. Give n(p).
-11
Let m(h) = -3 + h - 12 + 4 + 19 - 6. Determine m(-2).
0
Let p(t) = 880*t + 3524. Let o be p(-4). Let u(z) = 22*z - 76. Give u(o).
12
Let s = -14785 - -14797. Let i(a) = a - 3. What is i(s)?
9
Let j(v) = -2971 - v**3 + 3*v**2 + v + 4*v + 0*v**3 + 2960 + 2*v. What is j(5)?
-26
Suppose -14 = -3*q + 22. Suppose -12*y = -9*y - q. Let z(b) = -3*b - 2*b + y*b + 1. Calculate z(1).
0
Suppose 27*w - 68*w - 462 = 36*w. Let o(k) = -3*k**2 - 9*k + 19. What is o(w)?
-35
Let z be (4/5)/((-1)/165). Let h = -453 + 456. Let c be 8/z*h - (-48)/22. Let s(v) = v**2 + 4*v - 3. Determine s(c).
9
Let z be 4/(-1) + (-234)/(-78). Let c(i) = -17*i**3 - 3*i - 2. Give c(z).
18
Let v(a) be the third derivative of 7*a**4/12 - 13*a**3/6 + 2386*a**2. Calculate v(4).
43
Let b(y) = -2*y**3 + 2*y - 2. Let s be -222 - -229 - ((0 - 1) + 7). What is b(s)?
-2
Suppose z + 13 - 4 = -4*k, 2*k = -2*z. Let f(d) be the second derivative of -d**4/6 - d**3/2 + 3*d**2/2 - 519*d + 4. Calculate f(k).
-6
Let c(s) = -2*s**2 - 86*s + 182. Let l be c(-45). Let h(i) be the third derivative of 1/3*i**3 - 12*i**l + 0*i + 0 - 1/24*i**4. Determine h(3).
-1
Let i(v) = 2*v - 2. Let j(x) = 3*x - 10. Let o(m) = -4*i(m) + j(m). Suppose 3*f + f = 16. Let n = 1 - f. Calculate o(n).
13
Suppose -50 + 48 = -i. Let b(p) = p**i + 4*p**2 - 4 - 2 - 2*p - 2*p**3 + 0*p**3 + 3*p**3. What is b(-4)?
18
Let s(m) be the first derivative of -7*m**2/2 + 41*m - 217. Give s(7).
-8
Suppose 0*g - 2*g + 4 = 0. Let t(h) = -h**2 - 17*h - 8. Let x(z) = -3*z**2 - 76*z - 35. Let c(y) = -9*t(y) + 2*x(y). Determine c(g).
16
Let o(j) = -26*j + 31. Let m(z) = 56*z - 70. Let h(a) = 6*m(a) + 13*o(a). What is h(-7)?
-3
Let i(k) = 2*k**2 - 7*k + 9. Let z = -94 - -60. Let v = z - -29. Let t(y) = -y**2 + 3*y - 4. Let q(a) = v*t(a) - 2*i(a). What is q(-3)?
14
Let q be (-17 - -10)/(2 + (-2)/2). Let a(s) = 4 + s**3 + 0*s**3 + 5*s**2 + 7*s + 4*s**2 - s**2. Calculate a(q).
4
Let i(a) = 3*a - 1. Let q(s) = -s - 13. Let v be q(-16). Suppose 3*n - 24 + v = u, 0 = 2*n - 5*u - 1. Let k be ((-4)/5)/(n/(-20)). Determine i(k).
5
Let j be (-1)/((-22)/(-10) - 2). Let p(q) be the second derivative of q**3/3 + 2*q**2 + 8943*q. What is p(j)?
-6
Suppose -q - 10*i - 25 = -8*i, 5*q + 110 = -5*i. Let f(x) = -4*x**2 - 78*x - 54. What is f(q)?
-16
Let a(x) = x - 5. Let z be 2*8/(-4) + 2*4. Suppose z = -y, -4*d = 5*y + 79 + 33. Let o = d + 29. Calculate a(o).
1
Let c(f) = -f**3 - 5*f**2 - 5*f - 1. Let z be 2 + (-8)/6 - (-6)/(-9). Suppose -t - o - 39 = z, -4*o + 44 = t - 2*t. Let m be (-30)/25*t/(-12). Calculate c(m).
3
Suppose 1697*x - 1678*x - 114 = 0. Let g(s) = s**2 - s + 1. Let p(n) = -5*n**2 + 5*n - 5. Let f(j) = 9*g(j) + 2*p(j). Determine f(x).
-31
Let q(n) be the third derivative of -n**7/1260 + n**6/360 - n**5/60 + n**4/12 - 2*n**3/3 + 26*n**2. Let g(j) be the second derivative of q(j). What is g(2)?